{"id":4976,"date":"2024-11-19T15:25:59","date_gmt":"2024-11-19T15:25:59","guid":{"rendered":"https:\/\/nerima.phimagweb.fr\/blog\/?page_id=4976"},"modified":"2024-11-23T09:33:40","modified_gmt":"2024-11-23T09:33:40","slug":"la-maison-de-marine","status":"publish","type":"page","link":"https:\/\/nerima.fr\/blog\/la-maison-de-marine\/","title":{"rendered":"La maison de Marine"},"content":{"rendered":"<!--themify_builder_content-->\n<div id=\"themify_builder_content-4976\" data-postid=\"4976\" class=\"themify_builder_content themify_builder_content-4976 themify_builder tf_clear\">\n                    <div  data-css_id=\"oz43289\" data-lazy=\"1\" class=\"module_row themify_builder_row fullwidth tb_oz43289 tb_first tf_w\">\n            <span  class=\"builder_row_cover tf_abs\" data-lazy=\"1\"><\/span>            <div class=\"row_inner col_align_top tb_col_count_1 tf_box tf_rel\">\n                        <div  data-lazy=\"1\" class=\"module_column tb-column col-full tb_lrlr289 first\">\n                            <div  data-lazy=\"1\" class=\"module_subrow themify_builder_sub_row tf_w col_align_top tb_col_count_2 tb_pzim840\">\n                <div  data-lazy=\"1\" class=\"module_column sub_column col4-2 tb_1o9f840 first\">\n                    <!-- module text -->\n<div  class=\"module module-text tb_8h5e113   \" data-lazy=\"1\">\n        <div  class=\"tb_text_wrap\">\n        <h1>La Maison de Marine<\/h1>    <\/div>\n<\/div>\n<!-- \/module text -->        <\/div>\n                    <div  data-lazy=\"1\" class=\"module_column sub_column col4-2 tb_m4lb841 last\">\n                    <!-- module menu -->\n<div  class=\"module module-menu tb_61nm918  mobile-menu-slide\" data-menu-style=\"mobile-menu-slide\" data-menu-breakpoint=\"800\" data-menu-direction=\"right\" data-element-id=\"tb_61nm918\" data-lazy=\"1\">\n            <style>\n            @media(max-width:800px){\n                .tb_61nm918 .menu-module-burger{\n                    display:inline-block\n                }\n                .tb_61nm918 .module-menu-container{\n                    display:none\n                }\n                .tb_61nm918 .module-menu-container.is-open{\n                    display:block\n                }\n            }\n        <\/style>\n        <a rel=\"nofollow\" href=\"#\" class=\"tf_hide menu-module-burger\">\n            <span class=\"menu-module-burger-inner tf_inline_b tf_rel\"><\/span>\n            <span class=\"screen-reader-text\">Menu<\/span>\n        <\/a>\n        \n    <div class=\"module-menu-container\"><ul id=\"menu-site-vitrine\" class=\"ui tf_clearfix nav tf_rel tf_scrollbar  transparent\"><li id=\"menu-item-5026\" class=\"menu-item-custom-5026 menu-item menu-item-type-custom menu-item-object-custom menu-item-5026\"><a href=\"https:\/\/nerima.fr\/\">Notre linge<\/a><\/li>\n<li id=\"menu-item-5085\" class=\"menu-item-page-5047 menu-item menu-item-type-post_type menu-item-object-page menu-item-5085\"><a href=\"https:\/\/nerima.fr\/blog\/decoration\/\">D\u00e9coration d\u2019int\u00e9rieur<\/a><\/li>\n<li id=\"menu-item-5027\" class=\"menu-item-custom-5027 menu-item menu-item-type-custom menu-item-object-custom menu-item-5027\"><a href=\"\/blog\">Notre blog<\/a><\/li>\n<li id=\"menu-item-5028\" class=\"menu-item-custom-5028 menu-item menu-item-type-custom menu-item-object-custom menu-item-5028\"><a href=\"https:\/\/nerima.fr\/nous-contacter\">Contact<\/a><\/li>\n<\/ul><\/div>        <style>\n            .mobile-menu-module[data-module=\"tb_61nm918\"]{\n                right:-300px            }\n        <\/style>\n    <\/div>\n<!-- \/module menu -->\n        <\/div>\n                    <\/div>\n        <!-- module text -->\n<div  class=\"module module-text tb_l611747   \" data-lazy=\"1\">\n        <div  class=\"tb_text_wrap\">\n        <h1 class=\"\">Cr\u00e9ations de linge de maison <br>et d\u00e9coration d&rsquo;int\u00e9rieur depuis 2003<\/h1>    <\/div>\n<\/div>\n<!-- \/module text -->        <div  data-lazy=\"1\" class=\"module_subrow themify_builder_sub_row tf_w col_align_top tb_col_count_3 tb_ogjw340\">\n                <div  data-lazy=\"1\" class=\"module_column sub_column col3-1 tb_71ys340 first\">\n                    <!-- module buttons -->\n<div  class=\"module module-buttons tb_6xyy955 buttons-horizontal solid   squared buttons-fullwidth\" data-lazy=\"1\">\n        <div class=\"module-buttons-item tf_in_flx\">\n                        <a href=\"https:\/\/www.nerima.fr\/\" class=\"ui builder_button tf_in_flx transparent\" >\n                                                Cr\u00e9ations de linge de maison                                        <\/a>\n                <\/div>\n            <\/div>\n<!-- \/module buttons -->\n        <\/div>\n                    <div  data-lazy=\"1\" class=\"module_column sub_column col3-1 tb_pdpc340\">\n                    <!-- module buttons -->\n<div  class=\"module module-buttons tb_lnlf701 buttons-horizontal solid   squared buttons-fullwidth\" data-lazy=\"1\">\n        <div class=\"module-buttons-item tf_in_flx\">\n                        <a href=\"\/blog\/decoration\/\" class=\"ui builder_button tf_in_flx transparent\" >\n                                                D\u00e9coration d\u2019int\u00e9rieur                                        <\/a>\n                <\/div>\n            <\/div>\n<!-- \/module buttons -->\n        <\/div>\n                    <div  data-lazy=\"1\" class=\"module_column sub_column col3-1 tb_jr2a232 last\">\n                            <\/div>\n                    <\/div>\n                <\/div>\n                        <\/div>\n        <\/div>\n        <\/div>\n<!--\/themify_builder_content-->","protected":false},"excerpt":{"rendered":"<p>La Maison de Marine<\/p>\n","protected":false},"author":1,"featured_media":0,"parent":0,"menu_order":0,"comment_status":"closed","ping_status":"closed","template":"","meta":{"footnotes":""},"class_list":["post-4976","page","type-page","status-publish","hentry","has-post-title","has-post-date","has-post-category","has-post-tag","has-post-comment","has-post-author",""],"builder_content":"<h1>La Maison de Marine<\/h1>\n<a rel=\"nofollow\" href=\"#\"> Menu <\/a> <ul id=\"menu-site-vitrine-1\"><li><a href=\"https:\/\/nerima.fr\/\">Notre linge<\/a><\/li> <li><a href=\"https:\/\/nerima.fr\/blog\/decoration\/\">D\u00e9coration d\u2019int\u00e9rieur<\/a><\/li> <li><a href=\"\/blog\">Notre blog<\/a><\/li> <li><a href=\"https:\/\/nerima.fr\/nous-contacter\">Contact<\/a><\/li> <\/ul>\n<h1>Cr\u00e9ations de linge de maison <br>et d\u00e9coration d'int\u00e9rieur depuis 2003<\/h1>\n<a href=\"https:\/\/www.nerima.fr\/\" > Cr\u00e9ations de linge de maison <\/a>\n<a href=\"\/blog\/decoration\/\" > D\u00e9coration d\u2019int\u00e9rieur <\/a>","_links":{"self":[{"href":"https:\/\/nerima.fr\/blog\/wp-json\/wp\/v2\/pages\/4976","targetHints":{"allow":["GET"]}}],"collection":[{"href":"https:\/\/nerima.fr\/blog\/wp-json\/wp\/v2\/pages"}],"about":[{"href":"https:\/\/nerima.fr\/blog\/wp-json\/wp\/v2\/types\/page"}],"author":[{"embeddable":true,"href":"https:\/\/nerima.fr\/blog\/wp-json\/wp\/v2\/users\/1"}],"replies":[{"embeddable":true,"href":"https:\/\/nerima.fr\/blog\/wp-json\/wp\/v2\/comments?post=4976"}],"version-history":[{"count":63,"href":"https:\/\/nerima.fr\/blog\/wp-json\/wp\/v2\/pages\/4976\/revisions"}],"predecessor-version":[{"id":5153,"href":"https:\/\/nerima.fr\/blog\/wp-json\/wp\/v2\/pages\/4976\/revisions\/5153"}],"wp:attachment":[{"href":"https:\/\/nerima.fr\/blog\/wp-json\/wp\/v2\/media?parent=4976"}],"curies":[{"name":"wp","href":"https:\/\/api.w.org\/{rel}","templated":true}]}}